{"id":3,"date":"2025-04-01T11:59:41","date_gmt":"2025-04-01T09:59:41","guid":{"rendered":"http:\/\/zbfpfqx.cluster021.hosting.ovh.net\/?page_id=3"},"modified":"2025-09-04T12:03:14","modified_gmt":"2025-09-04T10:03:14","slug":"mentions-legales","status":"publish","type":"page","link":"https:\/\/www.agilis-fermetures.fr\/index.php\/mentions-legales\/","title":{"rendered":"Mentions l\u00e9gales"},"content":{"rendered":"<div class=\"wpb-content-wrapper\">[vc_row css=&#8221;.vc_custom_1752574401358{background-color: #FFFFFF !important;}&#8221;][vc_column css=&#8221;.vc_custom_1752574536746{padding-top: 50px !important;padding-right: 50px !important;padding-bottom: 50px !important;padding-left: 50px !important;}&#8221;][vc_empty_space height=&#8221;130&#8243;][vc_column_text css=&#8221;&#8221;]\n<h1><span style=\"color: #ffffff;\">Mentions l\u00e9gales<\/span><\/h1>\n<p><span style=\"color: #ffffff;\">En vigueur au 07\/07\/2025<\/span><\/p>\n<p>&nbsp;<\/p>\n<p><span style=\"color: #ffffff;\">Conform\u00e9ment aux dispositions de la loi n\u00b02004-575 du 21 juin 2004 pour la Confiance en l\u2019\u00e9conomie num\u00e9rique, il est port\u00e9 \u00e0 la connaissance des utilisateurs et visiteurs, ci-apr\u00e8s l&#8217; &#8220;Utilisateur&#8221;, du site https:\/\/www.agilis-fermetures.fr\/ , ci-apr\u00e8s le &#8220;Site&#8221;, les pr\u00e9sentes mentions l\u00e9gales.<\/span><\/p>\n<p><span style=\"color: #ffffff;\">La connexion et la navigation sur le Site par l\u2019Utilisateur implique acceptation int\u00e9grale et sans r\u00e9serve des pr\u00e9sentes mentions l\u00e9gales.<\/span><\/p>\n<p><span style=\"color: #ffffff;\">Ces derni\u00e8res sont accessibles sur le Site \u00e0 la rubrique &#8220;Mentions l\u00e9gales&#8221;.<\/span><\/p>\n<p>&nbsp;<\/p>\n<h2><span style=\"color: #ffffff;\">EDITION DU SITE<\/span><\/h2>\n<p><span style=\"color: #ffffff;\">L&#8217;\u00e9dition du Site est assur\u00e9e par la soci\u00e9t\u00e9 AGILIS Fermetures, SARL au capital de 2500 euros,<\/span><\/p>\n<p><span style=\"color: #ffffff;\">immatricul\u00e9e au Registre du Commerce et des Soci\u00e9t\u00e9s de LYON sous le num\u00e9ro 833416936 dont le si\u00e8ge social est situ\u00e9 au 1 CHE DE LA MENDILLONNE 69650 SAINT GERMAIN AU MONT D&#8217;OR,<\/span><\/p>\n<p><span style=\"color: #ffffff;\">&gt; Num\u00e9ro de t\u00e9l\u00e9phone : 0603484126<\/span><\/p>\n<p><span style=\"color: #ffffff;\">&gt; Adresse e-mail : florian@agilis-fermetures.fr.<\/span><\/p>\n<p><span style=\"color: #ffffff;\">&gt; N\u00b0 de TVA intracommunautaire : FR63833416936<\/span><\/p>\n<p><span style=\"color: #ffffff;\">&gt; Directeur de la publication : Guerbette Florian<\/span><\/p>\n<p><span style=\"color: #ffffff;\">ci-apr\u00e8s l'&#8221;Editeur&#8221;.<\/span><\/p>\n<p>&nbsp;<\/p>\n<h2><span style=\"color: #ffffff;\">HEBERGEUR<\/span><\/h2>\n<p><span style=\"color: #ffffff;\">L&#8217;h\u00e9bergeur du Site est la soci\u00e9t\u00e9 OVH, dont le si\u00e8ge social est situ\u00e9 au 2 RUE KELLERMANN 59100 ROUBAIX .<\/span><\/p>\n<p>&nbsp;<\/p>\n<h2><span style=\"color: #ffffff;\">ACCES AU SITE<\/span><\/h2>\n<p><span style=\"color: #ffffff;\">Le Site est normalement accessible, \u00e0 tout moment, \u00e0 l&#8217;Utilisateur. Toutefois, l&#8217;Editeur pourra, \u00e0 tout moment, suspendre, limiter ou interrompre le Site afin de proc\u00e9der, notamment, \u00e0 des mises \u00e0 jour ou des modifications de son contenu. L&#8217;Editeur ne pourra en aucun cas \u00eatre tenu responsable des cons\u00e9quences \u00e9ventuelles de cette indisponibilit\u00e9 sur les activit\u00e9s de l&#8217;Utilisateur.<\/span><\/p>\n<p>&nbsp;<\/p>\n<h2><span style=\"color: #ffffff;\">COLLECTE DES DONNEES<\/span><\/h2>\n<p><span style=\"color: #ffffff;\">Le Site assure \u00e0 l&#8217;Utilisateur une collecte et un traitement des donn\u00e9es personnelles dans le respect de la vie priv\u00e9e conform\u00e9ment \u00e0 la loi n\u00b078-17 du 6 janvier 1978 relative \u00e0 l&#8217;informatique, aux fichiers aux libert\u00e9s et dans le respect de la r\u00e8glementation applicable en mati\u00e8re de traitement des donn\u00e9es \u00e0 caract\u00e8re personnel conform\u00e9ment au r\u00e8glement (UE) 2016\/679 du Parlement europ\u00e9en et du Conseil du 27 avril 2016 (ci-apr\u00e8s, ensemble, la &#8220;R\u00e8glementation applicable en mati\u00e8re de protection des Donn\u00e9es \u00e0 caract\u00e8re personnel&#8221;). En vertu de la R\u00e8glementation applicable en mati\u00e8re de protection des Donn\u00e9es \u00e0 caract\u00e8re personnel, l&#8217;Utilisateur dispose d&#8217;un droit d&#8217;acc\u00e8s, de rectification, de suppression et d&#8217;opposition de ses donn\u00e9es personnelles. L&#8217;Utilisateur peut exercer ce droit : par mail \u00e0 l&#8217;adresse email florian@agilis-fermetures.fr<\/span><\/p>\n<p><span style=\"color: #ffffff;\">Toute utilisation, reproduction, diffusion, commercialisation, modification de toute ou partie du Site, sans autorisation expresse de l\u2019Editeur est prohib\u00e9e et pourra entra\u00eener des actions et poursuites judiciaires telles que pr\u00e9vues par la r\u00e8glementation en vigueur.<\/span><\/p>\n<p>&nbsp;<\/p>\n<p><span style=\"color: #ffffff;\"><strong>Webdesign : Pauline Morand www.paulinemorand.com<\/strong><\/span>[\/vc_column_text][\/vc_column][\/vc_row]\n<\/div>","protected":false},"excerpt":{"rendered":"<p>[vc_row css=&#8221;.vc_custom_1752574401358{background-color: #FFFFFF !important;}&#8221;][vc_column css=&#8221;.vc_custom_1752574536746{padding-top: 50px !important;padding-right: 50px !important;padding-bottom: 50px !important;padding-left: 50px !important;}&#8221;][vc_empty_space height=&#8221;130&#8243;][vc_column_text css=&#8221;&#8221;] Mentions l\u00e9gales En vigueur au 07\/07\/2025 &nbsp; Conform\u00e9ment aux dispositions de la loi n\u00b02004-575 du 21 juin 2004 pour la Confiance en l\u2019\u00e9conomie num\u00e9rique, il est port\u00e9 \u00e0 la connaissance des utilisateurs et visiteurs, ci-apr\u00e8s l&#8217; &#8220;Utilisateur&#8221;, du site https:\/\/www.agilis-fermetures.fr\/ , ci-apr\u00e8s le &#8220;Site&#8221;, les&#8230;<\/p>\n","protected":false},"author":1,"featured_media":0,"parent":0,"menu_order":0,"comment_status":"closed","ping_status":"open","template":"","meta":{"footnotes":"","_links_to":"","_links_to_target":""},"class_list":["post-3","page","type-page","status-publish","hentry"],"_links":{"self":[{"href":"https:\/\/www.agilis-fermetures.fr\/index.php\/wp-json\/wp\/v2\/pages\/3","targetHints":{"allow":["GET"]}}],"collection":[{"href":"https:\/\/www.agilis-fermetures.fr\/index.php\/wp-json\/wp\/v2\/pages"}],"about":[{"href":"https:\/\/www.agilis-fermetures.fr\/index.php\/wp-json\/wp\/v2\/types\/page"}],"author":[{"embeddable":true,"href":"https:\/\/www.agilis-fermetures.fr\/index.php\/wp-json\/wp\/v2\/users\/1"}],"replies":[{"embeddable":true,"href":"https:\/\/www.agilis-fermetures.fr\/index.php\/wp-json\/wp\/v2\/comments?post=3"}],"version-history":[{"count":9,"href":"https:\/\/www.agilis-fermetures.fr\/index.php\/wp-json\/wp\/v2\/pages\/3\/revisions"}],"predecessor-version":[{"id":792,"href":"https:\/\/www.agilis-fermetures.fr\/index.php\/wp-json\/wp\/v2\/pages\/3\/revisions\/792"}],"wp:attachment":[{"href":"https:\/\/www.agilis-fermetures.fr\/index.php\/wp-json\/wp\/v2\/media?parent=3"}],"curies":[{"name":"wp","href":"https:\/\/api.w.org\/{rel}","templated":true}]}}

Mentions légales

<div class="wpb-content-wrapper">[vc_row css=&#8221;.vc_custom_1752574401358{background-color: #FFFFFF !important;}&#8221;][vc_column css=&#8221;.vc_custom_1752574536746{padding-top: 50px !important;padding-right: 50px !important;padding-bottom: 50px !important;padding-left: 50px !important;}&#8221;][vc_empty_space height=&#8221;130&#8243;][vc_column_text css=&#8221;&#8221;]
<h1><span style="color: #ffffff;">Mentions légales</span></h1>
<p><span style="color: #ffffff;">En vigueur au 07/07/2025</span></p>
<p>&nbsp;</p>
<p><span style="color: #ffffff;">Conformément aux dispositions de la loi n°2004-575 du 21 juin 2004 pour la Confiance en l’économie numérique, il est porté à la connaissance des utilisateurs et visiteurs, ci-après l&#8217; &#8220;Utilisateur&#8221;, du site https://www.agilis-fermetures.fr/ , ci-après le &#8220;Site&#8221;, les présentes mentions légales.</span></p>
<p><span style="color: #ffffff;">La connexion et la navigation sur le Site par l’Utilisateur implique acceptation intégrale et sans réserve des présentes mentions légales.</span></p>
<p><span style="color: #ffffff;">Ces dernières sont accessibles sur le Site à la rubrique &#8220;Mentions légales&#8221;.</span></p>
<p>&nbsp;</p>
<h2><span style="color: #ffffff;">EDITION DU SITE</span></h2>
<p><span style="color: #ffffff;">L&#8217;édition du Site est assurée par la société AGILIS Fermetures, SARL au capital de 2500 euros,</span></p>
<p><span style="color: #ffffff;">immatriculée au Registre du Commerce et des Sociétés de LYON sous le numéro 833416936 dont le siège social est situé au 1 CHE DE LA MENDILLONNE 69650 SAINT GERMAIN AU MONT D&#8217;OR,</span></p>
<p><span style="color: #ffffff;">&gt; Numéro de téléphone : 0603484126</span></p>
<p><span style="color: #ffffff;">&gt; Adresse e-mail : florian@agilis-fermetures.fr.</span></p>
<p><span style="color: #ffffff;">&gt; N° de TVA intracommunautaire : FR63833416936</span></p>
<p><span style="color: #ffffff;">&gt; Directeur de la publication : Guerbette Florian</span></p>
<p><span style="color: #ffffff;">ci-après l'&#8221;Editeur&#8221;.</span></p>
<p>&nbsp;</p>
<h2><span style="color: #ffffff;">HEBERGEUR</span></h2>
<p><span style="color: #ffffff;">L&#8217;hébergeur du Site est la société OVH, dont le siège social est situé au 2 RUE KELLERMANN 59100 ROUBAIX .</span></p>
<p>&nbsp;</p>
<h2><span style="color: #ffffff;">ACCES AU SITE</span></h2>
<p><span style="color: #ffffff;">Le Site est normalement accessible, à tout moment, à l&#8217;Utilisateur. Toutefois, l&#8217;Editeur pourra, à tout moment, suspendre, limiter ou interrompre le Site afin de procéder, notamment, à des mises à jour ou des modifications de son contenu. L&#8217;Editeur ne pourra en aucun cas être tenu responsable des conséquences éventuelles de cette indisponibilité sur les activités de l&#8217;Utilisateur.</span></p>
<p>&nbsp;</p>
<h2><span style="color: #ffffff;">COLLECTE DES DONNEES</span></h2>
<p><span style="color: #ffffff;">Le Site assure à l&#8217;Utilisateur une collecte et un traitement des données personnelles dans le respect de la vie privée conformément à la loi n°78-17 du 6 janvier 1978 relative à l&#8217;informatique, aux fichiers aux libertés et dans le respect de la règlementation applicable en matière de traitement des données à caractère personnel conformément au règlement (UE) 2016/679 du Parlement européen et du Conseil du 27 avril 2016 (ci-après, ensemble, la &#8220;Règlementation applicable en matière de protection des Données à caractère personnel&#8221;). En vertu de la Règlementation applicable en matière de protection des Données à caractère personnel, l&#8217;Utilisateur dispose d&#8217;un droit d&#8217;accès, de rectification, de suppression et d&#8217;opposition de ses données personnelles. L&#8217;Utilisateur peut exercer ce droit : par mail à l&#8217;adresse email florian@agilis-fermetures.fr</span></p>
<p><span style="color: #ffffff;">Toute utilisation, reproduction, diffusion, commercialisation, modification de toute ou partie du Site, sans autorisation expresse de l’Editeur est prohibée et pourra entraîner des actions et poursuites judiciaires telles que prévues par la règlementation en vigueur.</span></p>
<p>&nbsp;</p>
<p><span style="color: #ffffff;"><strong>Webdesign : Pauline Morand www.paulinemorand.com</strong></span>[/vc_column_text][/vc_column][/vc_row]
</div>

<p>[vc_row css=&#8221;.vc_custom_1752574401358{background-color: #FFFFFF !important;}&#8221;][vc_column css=&#8221;.vc_custom_1752574536746{padding-top: 50px !important;padding-right: 50px !important;padding-bottom: 50px !important;padding-left: 50px !important;}&#8221;][vc_empty_space height=&#8221;130&#8243;][vc_column_text css=&#8221;&#8221;] Mentions légales En vigueur au 07/07/2025 &nbsp; Conformément aux dispositions de la loi n°2004-575 du 21 juin 2004 pour la Confiance en l’économie numérique, il est porté à la connaissance des utilisateurs et visiteurs, ci-après l&#8217; &#8220;Utilisateur&#8221;, du site https://www.agilis-fermetures.fr/ , ci-après le &#8220;Site&#8221;, les&#8230;</p>
